-1173*x + 24634. Give a(21).
1
Let g(r) = -9*r**2 + r - 4. Determine g(3).
-82
Let x(f) = -10*f + 71. Determine x(-15).
221
Let l(h) = -h**3 - 27*h**2 + 26*h - 131. What is l(-28)?
-75
Let t(g) = -5*g**3 + 423*g**2 + 164*g + 506. Calculate t(85).
-4
Let d(g) = -g**2 + 86*g + 989. Give d(96).
29
Let x(v) = -3*v**2 - 76*v + 127. Calculate x(-27).
-8
Let b(a) = -16*a - 490. What is b(-30)?
-10
Let a(u) = u**3 - 20*u**2 + 22*u + 19. Determine a(19).
76
Let t(d) = 43*d + 1300. Determine t(-30).
10
Let n(h) = 2*h**3 + 10*h**2 - 179*h + 86. Calculate n(7).
9
Let l(f) = -f**3 + 9*f**2 - 15*f + 148. Calculate l(9).
13
Let u(j) = -4*j**2 - 10*j + 40. What is u(3)?
-26
Let w(j) = -j**3 - 19*j**2 - 47*j - 3. Calculate w(-16).
-19
Let p(s) = -s**2 - 1051*s - 8342. What is p(-8)?
2
Let j(q) = q**3 - 54*q**2 + 722*q + 74. Determine j(29).
-13
Let j(r) = 2*r**3 + 14*r**2 + 474*r + 3332. Calculate j(-7).
14
Let c(s) = -2*s**3 + 6*s**2 - 13*s + 17. Determine c(2).
-1
Let z(x) = -x**3 - 22*x**2 - 51*x + 42. Calculate z(-7).
-336
Let v(n) = 18668*n + 37338. Calculate v(-2).
2
Let d(r) = -2*r**2 - r + 98. What is d(7)?
-7
Let z(d) = 4*d**2 + 9*d - 22. What is z(-3)?
-13
Let g(c) = 3*c**2 + 56*c + 168. What is g(-5)?
-37
Let b(w) = 2*w**2 + 117*w + 460. Determine b(-4).
24
Let c(m) = 61*m + 1303. Give c(-33).
-710
Let q(o) = 346*o + 15. What is q(2)?
707
Let a(s) = s**2 - 128*s - 515. Calculate a(132).
13
Let x(u) = u**3 - 159*u**2 + 451*u + 2659. Determine x(156).
7
Let a(s) = -634*s + 5144. Give a(8).
72
Let d(t) = -47*t**2 - 1647*t - 73. Calculate d(-35).
-3
Let j(u) = 1722*u + 2. Give j(0).
2
Let o(a) = 2711*a + 24402. Calculate o(-9).
3
Let p(i) = -7*i**2 + 51*i + 132. What is p(-3)?
-84
Let i(h) = -h**2 + 32*h + 130. Calculate i(36).
-14
Let a(b) = -b**3 - 44*b**2 - 2*b - 55. Give a(-44).
33
Let p(x) = 2*x**2 - 3523*x + 14076. Give p(4).
16
Let d(t) = -1622*t - 45419. Give d(-28).
-3
Let m(t) = t**3 - 12*t**2 - 253*t - 14. What is m(-11)?
-14
Let o(d) = 210*d - 33568. Give o(160).
32
Let g(q) = q**3 + 21*q**2 + 172*q + 2123. Determine g(-18).
-1
Let j(f) = -830*f + 69. Calculate j(1).
-761
Let s(z) = -509*z**2 + 23*z - 22. What is s(1)?
-508
Let f(c) = -2*c**2 - 8*c. Give f(-2).
8
Let u(q) = q**2 - 139*q + 4599. Give u(53).
41
Let i(b) = -b**3 - 13*b**2 - 7*b - 18. Calculate i(-13).
73
Let z(u) = 39*u - 549. Give z(16).
75
Let k(h) = -16*h**2 - h + 132. What is k(0)?
132
Let s(x) = 958*x - 18193. Determine s(19).
9
Let f(r) = -17*r**2 + 96*r + 62. Determine f(6).
26
Let f(y) = 687*y - 3488. What is f(5)?
-53
Let p(a) = 47*a**2 + a + 1. Give p(2).
191
Let i(m) = 10*m - 10. Give i(-4).
-50
Let u(c) = c**3 - 23*c**2 - 141*c + 21. Determine u(28).
-7
Let b(p) = -28*p + 15. Calculate b(-4).
127
Let p(t) = 7*t**3 + t**2 - 3*t. Give p(3).
189
Let t(q) = 5*q**3 + 113*q**2 - 58*q - 135. Give t(-23).
141
Let k(m) = 145*m - 887. Calculate k(6).
-17
Let b(j) = -4*j**2 + 219*j - 336. What is b(53)?
35
Let c(h) = -2*h**2 - 10*h + 8. What is c(-5)?
8
Let w(z) = 4*z**3 + 21*z**2 + 10*z + 8. Give w(-5).
-17
Let w(t) = 2*t**2 + 35*t - 53. Calculate w(-19).
4
Let q(x) = -x**2 - 45*x - 320. Calculate q(-38).
-54
Let r(g) = g**3 + 7*g**2 - 36*g + 27. What is r(-9)?
189
Let s(g) = 4*g**2 - 647*g - 6870. What is s(-10)?
0
Let o(r) = -2*r**3 - 133*r**2 - 187*r + 529. Give o(-65).
9
Let l(u) = -u**3 - 46*u**2 - 270*u + 1296. Give l(-38).
4
Let d(l) = -l**3 - 25*l**2 - 65*l + 48. Calculate d(-22).
26
Let c(h) = -h**3 + 19*h**2 + h + 237. Determine c(21).
-624
Let p(y) = -y**2 + 43*y - 275. Determine p(9).
31
Let s(i) = -3*i**2 + 200*i + 1509. What is s(-7)?
-38
Let p(d) = -274*d + 915. Determine p(3).
93
Let q(d) = d**2 + 262*d - 12432. Give q(41).
-9
Let q(w) = -28*w - 3072. What is q(-104)?
-160
Let w(r) = -77*r - 147. Give w(-2).
7
Let k(v) = v**2 + 54*v - 4304. Calculate k(44).
8
Let q(b) = 5*b - 101. Determine q(11).
-46
Let j(g) = g**3 + 4*g**2 + g + 29. What is j(-4)?
25
Let l(p) = 311*p - 1250. Give l(4).
-6
Let l(y) = 6*y + 5. Determine l(8).
53
Let g(l) = -l**3 - 40*l**2 + l + 69. Determine g(-40).
29
Let a(y) = -y**3 + 31*y**2 - 111*y + 15. Determine a(4).
3
Let p(s) = -2*s**3 + 7*s**2 - 13*s + 23. Give p(4).
-45
Let c(o) = 6*o**2 - 148*o + 223. What is c(23)?
-7
Let k(d) = d**3 + 16*d**2 + 23*d - 95. Give k(-14).
-25
Let b(m) = -63*m + 124. Give b(3).
-65
Let u(o) = 4*o**3 - 60*o**2 - 14*o + 233. What is u(15)?
23
Let i(k) = -k**2 + 2455*k + 112495. What is i(-45)?
-5
Let z(u) = 4*u - 117. Calculate z(6).
-93
Let r(m) = 59*m + 484. Give r(-8).
12
Let v(k) = -k**3 - 24*k**2 + 22*k - 21. Calculate v(-25).
54
Let v(l) = -l**3 - 7*l**2 + 13*l + 23. Give v(-8).
-17
Let j(l) = -2*l**2 - 53*l - 450. Calculate j(-15).
-105
Let b(n) = 7*n**2 - 161*n - 5. Determine b(23).
-5
Let h(y) = 10*y**2 + 273*y + 333. Determine h(-26).
-5
Let w(s) = 82*s - 7538. What is w(92)?
6
Let f(x) = x**3 - 109*x**2 + 987*x + 316. Calculate f(99).
19
Let l(p) = 2*p**3 - 46*p**2 + 68*p - 52. Determine l(21).
-388
Let j(b) = 3*b**3 - 28*b**2 - 51*b - 128. Determine j(11).
-84
Let b(p) = 173*p**2 - 12802*p - 39. Give b(74).
-39
Let o(i) = -i**3 + 78*i**2 - 135*i - 1077. Give o(76).
215
Let c(h) = 8*h**2 - 1044*h + 2086. What is c(2)?
30
Let x(l) = -l**3 - 35*l**2 - 69*l - 110. Calculate x(-33).
-11
Let m(p) = 105*p**2 + 640*p + 48. Calculate m(-6).
-12
Let q(i) = i**2 - 15*i + 365. Give q(0).
365
Let b(l) = -152*l**2 - 320*l - 3. Calculate b(-2).
29
Let c(b) = -b**2 + 1029*b + 30691. Calculate c(-29).
9
Let y(s) = 3*s**2 - 36*s + 102. Give y(7).
-3
Let i(o) = -o**3 + 39*o**2 - 221*o - 74. Calculate i(32).
22
Let v(n) = -n**2 - 91*n - 2084. Calculate v(-43).
-20
Let f(l) = -l**3 - 36*l**2 - 32*l + 149. Give f(-35).
44
Let o(f) = f**2 - 15*f - 5748. Calculate o(84).
48
Let z(y) = -13*y - 17. What is z(-2)?
9
Let j(h) = -28*h + 265. Calculate j(10).
-15
Let o(b) = -9*b**2 - 280*b - 42. Give o(-31).
-11
Let c(f) = f**3 + 52*f**2 + 53*f + 110. Calculate c(-51).
8
Let b(n) = -2*n**2 + 22*n - 51. Give b(10).
-31
Let k(r) = -r**3 - 73*r**2 - 403*r - 71. Determine k(-67).
-4
Let l(d) = -813*d - 2458. Give l(-3).
-19
Let r(v) = 5*v**3 + 61*v**2 + 9*v - 37. Determine r(-12).
-1
Let p(a) = -a**3 + 3*a**2 - 8*a + 19. Give p(3).
-5
Let o(g) = -637*g - 5726. Give o(-9).
7
Let m(k) = k**3 + 34*k**2 - 26*k + 57. Give m(-35).
-258
Let s(m) = 31*m - 4419. Determine s(143).
14
Let g(d) = -d + 248. Determine g(30).
218
Let u(q) = q**2 - 26*q - 132. Calculate u(28).
-76
Let h(m) = -18*m**2 - 1660*m - 375. What is h(-92)?
-7
Let w(s) = -12*s**2 - 207*s - 36. Give w(-17).
15
Let o(a) = a**2 + 1689*a + 13418. Calculate o(-8).
-30
Let y(a) = -a**3 + 46*a**2 + 152*a - 15. What is y(49)?
230
Let r(o) = -167*o**3 - 3*o**2 + 56*o - 54. What is r(1)?
-168
Let c(w) = -52*w - 1165. Calculate c(-22).
-21
Let u(g) = 3*g**2 + 230*g + 1302. Calculate u(-6).
30
Let l(f) = -3*f + 26. What is l(10)?
-4
Let r(z) = -74*z + 252. Give r(3).
30
Let z(y) = 5236*y + 68080. What is z(-13)?
12
Let m(v) = -v**3 - 5*v**2 + 52*v + 230. What is m(-4)?
6
Let v(h) = 8*h**3 - 14*h**2 - 105*h + 208. Determine v(2).
6
Let i(w) = 6*w**3 - 70*w**2 - 28*w - 13. Give i(12).
-61
Let p(x) = -16*x**2 + 167*x + 41. Determine p(11).
-58
Let i(j) = -j**2 + 269*j + 1376. Determine i(-5).
6
Let l(i) = -i**3 + 8*i**2 + 9*i - 27. Calculate l(7).
85
Let w(g) = 2*g**3 - 15*g**2 + 44*g - 218. Determine w(7).
41
Let z(r) = r**3 + 14*r**2 - 29*r - 30. Give z(-14).
376
Let n(w) = 5*w - 9. Calculate n(10).
41
Let i(c) = 2*c**3 + 21*c**2 - 100*c - 24. What is i(-14)?
4
Let n(f) = 74*f + 3028. Determine n(-41).
-6
Let j(b) = b**3 - 11*b**2 - 32*b + 365. Give j(11).
13
Let s(r) = -26*r - 341. Calculate s(-11).
-55
Let a(z) = -z**2 + 54*z - 105. Calculate a(54).
-105
Let t(s) = 2*s**2 - 61*s + 6. What is t(29)?
-81
Let z(d) = d**3 - 14*d**2 + 48*d - 12. Determine z(8).
-12
Let o(c) = -450*c + 45462. Calculate o(101).
12
Let r(p) = -p**3 + 175*p**2 - 25*p + 4435. Give r(175).
60
Let f(a) = -75*a + 903. What is f(12)?
3
Let r(g) = g**3 - 33*g**2 - 38*g + 308. Determine r(34).
172
Let d(h) = 9*h**3 - 14*h**2 - 36*h - 25. Determine d(-4).
-681
Let q(k) = 69*k**3 - k**2 - 18*k + 18. Calculate q(1).
68
Let a(y) = -y**2 - 98*y - 2208. What is a(-46)?
184
Let g(x) = -53*x**3 - 266*x**2 + 4*